3*u**2 - 19 + 33 + 5*u**2 - 3*u + 9. Give a(10).
13
Let p(r) = 5*r**2 + 32*r + 3. Let n(u) = -1856*u - 1861. Let o be n(-1). What is p(o)?
-32
Let y(f) = 17*f**2 + 2*f**3 - 6*f + 31*f**2 - 41*f**2 + 6*f. Calculate y(1).
9
Let z be 3420/950 - (0 + (-4)/10). Let b(k) = 4*k**2 - 13*k - 11. What is b(z)?
1
Let l(q) = -q - 1. Let h(o) = -6*o - 15. Let f(i) = h(i) - 5*l(i). Let y = 28 - 29. Let t(n) = n. Let s(a) = y*f(a) - 2*t(a). What is s(0)?
10
Let s(k) be the second derivative of 8*k + 0 + 3/2*k**3 - 1/12*k**4 - 1/2*k**2. Calculate s(7).
13
Let r(w) = -w**2 + 0*w**2 + 18 - 24. Let u(a) be the third derivative of -a**5/20 + a**4/24 - 19*a**3/6 - 6*a**2. Let f(y) = 7*r(y) - 2*u(y). Give f(-3).
-7
Let r(g) be the first derivative of -37*g**2/2 + 162*g + 869. Calculate r(4).
14
Let y(l) = l**2 - 1. Let r(i) = i**3 + 5*i**2 - 2*i + 1. Let s(h) = -r(h) + 5*y(h). Let u(b) = -b**2 + 3505*b + 7014. Let v be u(-2). What is s(v)?
-6
Let b(m) = -m + 3*m - 5*m - 81511 + 81644 - 5*m. Give b(15).
13
Let n(j) = -23*j + 27. Let d(y) = -4*y + 1. Let l(h) = 6*d(h) - n(h). Give l(-19).
-2
Let w(g) = -g**3 + 4*g**2 + 7*g - 6. Suppose 5*j - 1 = 159. Suppose 25 = -27*x + j*x. Calculate w(x).
4
Let t(b) be the first derivative of 64*b**2 - 5212. Give t(-1).
-128
Let l(f) = f**3 - 12*f**2 - 329*f - 53. Let n be l(-13). Let t(j) = 6*j**3 + 2*j**2 + 0*j**3 - 4*j**2 - j. Calculate t(n).
-7
Let p(j) = -10*j - 43. Suppose 2058 = -286*h + 628. Determine p(h).
7
Let u(j) = 3*j**3 + 5*j**2 - 26*j - 49. Let k be u(-3). Let o(z) = -13*z - 91. Determine o(k).
0
Suppose 0 = 10*z + 305 - 275. Let x(j) = 2*j**3 - 2*j**2 + 3*j + 4. Let t(p) = -p**3 + 2*p**2 - 3*p - 4. Let w(n) = 3*t(n) + 2*x(n). Calculate w(z).
-4
Let v(f) = f. Suppose 4*c = -5*c + 90. Let y = -18 + c. Let d be (-8)/6 + y/3. Determine v(d).
-4
Let i(t) = -t**3 - 7*t**2 - 3*t + 25. Let r = 7741 + -7747. What is i(r)?
7
Let d be (-1)/(4/32) + 1. Let u = 99 - 79. Let y be 5/(u/(-8)) - d. Let j(o) = -3*o + 1. What is j(y)?
-14
Let s be 2652/32 - (-2)/16. Suppose -81*h = -s*h - 16. Let i(d) = d**3 + 9*d**2 + 7*d - 1. Determine i(h).
7
Let t(d) be the second derivative of -d**3/6 - 3*d**2 + 63*d - 1. Determine t(-11).
5
Let o(n) = 2*n**3 - 324*n**2 + 1873*n - 160. Let j be o(156). Let p(i) = -i - 7. Let x be p(-7). Let s(g) = x*g - 4*g + 5*g. Calculate s(j).
-4
Let x(w) = 2*w**2 - 20*w - 2. Let b(m) = -9*m**2 + 85*m + 36. Let d(k) = b(k) + 5*x(k). Give d(11).
-18
Let o(w) = -5*w**2 - 11*w + 3. Let g be (-14)/(-147) - 1364/651. Calculate o(g).
5
Let p(l) = 3*l + 24. Let z(i) = -5*i - 17. Let d(f) = 7*p(f) + 6*z(f). Determine d(8).
-6
Let s(m) be the third derivative of 147*m**2 - 7/6*m**4 + 0*m**3 + 0*m + 0. Let a be -1 + (2 - (1 - 1)). Determine s(a).
-28
Let g(u) = u**3 - u**2 - 1. Let h = -121 + 122. Let v(i) = -7*i**3 + 12*i**2 + 4*i - 3. Let f(x) = h*v(x) + 6*g(x). What is f(6)?
15
Let k(y) be the first derivative of -5*y**2 - 17*y - 1734. Calculate k(-5).
33
Let a(j) = -j**2 - 13*j - 4. Let u(v) be the first derivative of -v**3 - 39*v**2/2 + 29*v + 34. Let g be u(-14). Calculate a(g).
-4
Let x(a) = 27*a**2 + 10*a - 6. Let g(h) = 40*h**2 + 9*h - 7. Let o(l) = 2*g(l) - 3*x(l). Calculate o(-11).
15
Suppose -3*b - 3 = -c, -46*b + 49*b = -c - 9. Let o(y) = -y**2 - 4*y - 10. Let t(u) = u**2 + 4*u + 13. Let g(m) = c*t(m) - 4*o(m). Determine g(-3).
-2
Suppose 5*b - 303 = b - 5*p, 3*p = -b + 81. Let o be (-1 + 2 + (-11)/(231/(-448)))*3. Let c = o - b. Let y(k) = -3*k + 3. Give y(c).
18
Let z(u) = u**3 + 10*u**2 + 5*u + 3. Let p(h) = h**2 + 134*h + 1982. Let v be p(-17). Give z(v).
115
Let t(n) = 5*n - 7*n + n**2 - 32*n**2 - 1 - 23*n**2 + 0*n. Calculate t(-1).
-53
Let p(k) be the third derivative of 23*k**4/24 - 89*k**3/3 - 2*k**2 - 1144. Calculate p(8).
6
Let k(h) = -h**3 + 5*h**2 - 4*h - 2. Let u be 2/(-6)*20553/(-13). Suppose 6*a - u = -143. Let f = a - 60. Determine k(f).
-2
Let x(k) = k**2 + 2*k + 1. Let o(z) = -2*z**2 - 6*z - 42. Let p(y) = o(y) + 3*x(y). Let v be p(-6). Let w(f) = f - 3. What is w(v)?
-6
Let s(g) = g**2 - 4*g - 3. Suppose 6*d + 212 = 296. Suppose -d*n + 33 = -23. What is s(n)?
-3
Let i(y) be the third derivative of 3/2*y**3 - 2*y**2 + 0*y + 1/8*y**4 - 12. Determine i(8).
33
Let n = -1165 - -1165. Let p(a) = a**3 - a**2 - a. What is p(n)?
0
Let p(c) = -39*c + 60. Let h(j) = 44*j - 51. Let t(z) = 6*h(z) + 7*p(z). Calculate t(14).
-12
Let k be 3/(-3) - (-16)/4. Suppose 3 = -g + k*g + n, -5*n - 24 = -3*g. Let j(x) = x**3 - x**2 - 3*x + 4. What is j(g)?
13
Let h(b) be the third derivative of 13*b**4/24 - 19*b**3/6 + 2*b**2 + 2*b + 234. Calculate h(4).
33
Let h(o) = 2*o - 5. Let l be h(5). Let m(b) be the first derivative of -b**2 + 7*b - 19106. Calculate m(l).
-3
Let d(o) = -11*o + 125. Let a be d(12). Let r = 17 - 11. Let g(y) = 7*y - 13 - r*y**2 - 3*y**3 + 2*y**3 + 20. Calculate g(a).
7
Let o(j) = -j**2 - 71*j + 1403. Let v be o(-87). Let a(w) be the second derivative of -1/2*w**3 + v*w - 1/20*w**5 + 1/2*w**4 + 0 - 1/2*w**2. Calculate a(5).
9
Suppose 15*z = -11*z - 1040. Let a be (-371)/106*(z/14 - -2). Let v(r) = r - 4. Calculate v(a).
-1
Let r(q) = -q**2 - 39*q - 247. Let l be r(-31). Let h(k) = -k**2 - 8*k + 24. Let g(m) = -m**2 + m + 1. Let n(c) = l*h(c) - 2*g(c). Determine n(4).
-2
Let p(t) = -816*t + 4902. Let w be p(6). Let a(q) be the first derivative of q**4/4 - 7*q**3/3 + 7*q**2/2 + 7*q - 1. What is a(w)?
13
Let k be (-22)/(-4) + (7 - 238/28). Let g(t) = -3*t - 8564 + k*t - 8*t**2 - t**3 + 8571. Determine g(-8).
-1
Let p = -2083 - -2054. Let k(y) = -7*y - 205. What is k(p)?
-2
Let o(v) = -126 + 15*v**2 - 12*v**2 + 9*v - 3*v**3 + 2*v**3 + 13*v**2. Let m be o(16). Let j(n) = n - 19. Determine j(m).
-1
Let p(b) = -2*b**3 + 2*b**2 + b. Let n = -55 + 58. Let g(q) = 14*q**2 + q - 29*q**2 + 5*q**2 - 5*q**n + 13*q**2. Let v(d) = -3*g(d) + 7*p(d). What is v(-4)?
0
Let x(u) = -10*u + 48. Let t be x(5). Let g be (5/t)/(-1 + 3/8). Let v(s) = s**2 - 5*s + 3. What is v(g)?
-1
Let l = -4201 - -4203. Let d(r) be the first derivative of 2 - 1/2*r**l - 2*r. Determine d(6).
-8
Let t(x) = 4*x + 17. Suppose 5*b + k = 16, -5 = -b + 5*k + 19. Let s(j) = 5*j + 19. Let m(o) = b*t(o) - 3*s(o). Calculate m(8).
19
Let m(a) = -a**3 + 6*a**2 + 8*a - 21. Let s(i) = i**3 - 16*i**2 + 40*i - 6. Let f be s(13). Determine m(f).
-14
Let c(d) = 2*d**2 + 4. Suppose -108*z - 251 = 73. Calculate c(z).
22
Let o(c) = 63*c - 3. Suppose -6*s - 13 = -9 - 10. What is o(s)?
60
Let m(a) = 2*a - 14. Suppose -2*k - 20 = -5*h, -17 + 41 = -k - h. Determine m(k).
-54
Let g(s) be the third derivative of 0*s + 1/2*s**3 + 0 - 1/60*s**5 + 78*s**2 + 5/24*s**4. Give g(4).
7
Let c(y) = -17*y + 21. Suppose -97*b - 2093 + 336 = -348*b. What is c(b)?
-98
Suppose -x + 77 = -12*x. Let z(p) = 4*p**2 + 11 - 6 - 11*p - 2*p**2. Let j(u) = -u**2 + 6*u - 3. Let g(k) = x*j(k) - 4*z(k). Give g(4).
-7
Let a(v) = 15*v**3 + 2*v**2 - 15*v - 110. Let q(k) = 7*k**3 + k**2 - 7*k - 50. Let l(n) = -5*a(n) + 11*q(n). Determine l(-2).
-8
Suppose 0 = 2*r - r. Let k(t) = -t - 3. Let p(b) = -4*b - 18. Let v(i) = -5*k(i) + p(i). Give v(r).
-3
Let q(g) be the third derivative of -g**6/144 - g**5/20 + 35*g**4/6 - 5*g**2 + 3*g. Let d(a) be the second derivative of q(a). Give d(-8).
34
Let s be (0 - -6) + 2*(-3)/1. Let k(d) be the third derivative of -1/60*d**5 + 0 - 1/24*d**4 + 13*d**2 - 1/6*d**3 - 1/40*d**6 + s*d. What is k(-1)?
2
Let s(n) be the second derivative of n**5/20 + 2*n**4/3 + 2*n**3/3 - 3*n**2/2 - 228*n - 2. Determine s(-8).
-35
Let i(k) = 3 + 5*k**2 - 1 + 368*k - 370*k - 7 - 4*k**2. Determine i(-2).
3
Let q = -1 + 2. Let w(z) = z - q + 2*z**2 - 3*z**2 + 2 - 2*z. Let x(k) = k**3 - k**2 - 2*k. Let n be x(0). What is w(n)?
1
Let v(g) = -g**2 - 12*g - 10. Suppose -9*d - 12 = -10*d. Suppose 13*m = d*m + 89. Let w = m - 100. What is v(w)?
1
Let c be 6/(-4)*(-28)/21. Let p(m) = 14*m - 36*m**2 - 34*m**c + 71*m**2. What is p(-14)?
0
Let j(m) be the third derivative of m**5/60 - m**4/24 + m**3/3 + 80*m**2 - m. Let t(d) = 4*d**2 + 2*d + 5. Let z(q) = -3*j(q) + t(q). Determine z(-7).
13
Let q(y) = -y**2 - 6*y + 9. Let m = -958 - -963. Let h(o) = o**2 + 7*o - 10. Let n(x) = m*h(x) + 6*q(x). Determine n(0).
4
Let o(w) = -12*w**2 + w. Suppose 50 + 151 = -3*n. Let k = n - -118. Let u 